 q(m) = -5673*m - 113173. Calculate q(-20).
287
Let f(k) = 319*k - 21417. Determine f(65).
-682
Let j(r) = 114*r**2 + 1825*r + 88. Calculate j(-16).
72
Let k(q) = -73*q**2 + 2148*q + 34649. What is k(41)?
4
Let r(d) = -2*d**3 - 16*d**2 - 68*d + 1319. What is r(6)?
-97
Let q(h) = -2*h**3 + 1202*h**2 + 117*h - 70319. Determine q(601).
-2
Let w(y) = -7143*y + 28185. Calculate w(4).
-387
Let g(r) = -6391*r + 651900. Give g(102).
18
Let p(x) = 74*x**2 - 5051*x + 25233. Give p(5).
1828
Let v(u) = 76991*u - 1000875. Give v(13).
8
Let d(u) = 514*u + 42528. Give d(-81).
894
Let z(w) = 7*w**2 - 284*w - 25792. Calculate z(-44).
256
Let g(a) = -14*a**3 - 1723*a**2 + 1615*a + 353. Determine g(-124).
-19
Let w(k) = 5*k**2 + 1040*k + 20428. Give w(-186).
-32
Let m(j) = -718*j - 247636. Give m(-345).
74
Let j(g) = -542*g - 3869. Give j(-10).
1551
Let p(v) = -36*v**3 + 648*v**2 + 14*v - 252. Give p(18).
0
Let g(t) = 9*t**3 + 72*t - 414. What is g(5)?
1071
Let k(c) = 9581*c + 3037197. What is k(-317)?
20
Let u(d) = -2*d**2 - 11*d + 5368. Calculate u(50).
-182
Let m(u) = -1777517*u + 3555056. Give m(2).
22
Let c(f) = -52522*f - 157479. Calculate c(-3).
87
Let c(p) = p**3 - 17*p**2 - 11466*p + 149718. Give c(13).
-16
Let q(f) = -f**2 + 1069*f + 79802. What is q(-70)?
72
Let j(i) = 417*i - 24222. Determine j(58).
-36
Let x(q) = -q**3 - 13*q**2 + 100*q + 970. Give x(-15).
-80
Let j(d) = -31855*d + 63643. What is j(2)?
-67
Let d(b) = -b**3 - 308*b**2 - 7838*b + 566. Give d(-280).
6
Let z(s) = -11541*s - 7247734. Calculate z(-628).
14
Let m(z) = 1323*z**2 - 6459*z - 780. What is m(5)?
0
Let i(g) = -13047*g - 195694. What is i(-15)?
11
Let o(w) = -1448*w - 94102. What is o(-65)?
18
Let b(s) = -49578*s + 49550. Calculate b(1).
-28
Let h(z) = -1787*z - 135736. What is h(-76)?
76
Let q(i) = -2*i**2 - 4952*i - 49323. Calculate q(-10).
-3
Let v(x) = -4*x**2 - 225*x + 10236. Determine v(30).
-114
Let b(m) = -10098*m - 151477. Calculate b(-15).
-7
Let w(x) = x**2 - 217*x + 107. Determine w(216).
-109
Let n(g) = g**3 - 32*g**2 + 34*g - 2124. What is n(33)?
87
Let d(v) = -v**2 - 38*v + 1223. Determine d(33).
-1120
Let a(q) = -5*q**2 + 204*q - 2011. Calculate a(17).
12
Let g(j) = -j**3 - 288*j**2 - 16247*j + 127. What is g(-211)?
127
Let d(m) = m**3 - 175*m**2 - 1095*m - 32634. Calculate d(182).
-56
Let v(c) = 2*c**3 + 46*c**2 + 301*c + 2185. Determine v(-18).
7
Let g(h) = h**2 + 177*h + 1950. Give g(-12).
-30
Let y(o) = -15988*o + 111919. What is y(7)?
3
Let t(s) = 31*s**3 + 5*s - 26. What is t(3)?
826
Let l(x) = 573*x**2 + 2886*x - 265. Give l(-5).
-370
Let q(a) = 27788*a - 55606. What is q(2)?
-30
Let f(a) = 5354*a - 69567. Give f(13).
35
Let w(m) = -m**3 + 85*m**2 - 543*m + 15. Calculate w(6).
-399
Let h(a) = -1772*a + 108093. Calculate h(61).
1
Let n(b) = 109760*b + 109762. Give n(-1).
2
Let x(u) = -16048*u - 802272. Calculate x(-50).
128
Let s(j) = -1133*j + 129. Calculate s(-2).
2395
Let j(k) = -53*k**3 - 204*k**2 + 59*k + 3. Give j(-4).
-105
Let r(o) = 5*o**2 - 59*o - 4166. What is r(-23)?
-164
Let z(p) = 2*p**3 + 172*p**2 - 362*p - 631. Calculate z(-88).
249
Let h(u) = -10635*u - 95722. Give h(-9).
-7
Let p(a) = 2902*a - 304640. Calculate p(105).
70
Let u(h) = -465812*h - 2795042. Give u(-6).
-170
Let u(m) = m**3 + 135*m**2 - 397*m + 3066. Determine u(-138).
720
Let q(u) = u**3 - 108*u**2 + 119*u + 9809. Calculate q(106).
-49
Let f(s) = s**3 - 154*s**2 - 827*s - 75990. Determine f(162).
-12
Let h(k) = -84*k**3 - 65017*k**2 - 771*k + 2319. Calculate h(-774).
-3
Let s(y) = 16*y**3 + 32*y**2 - 90*y + 18. Determine s(3).
468
Let f(m) = -4*m**2 - 906*m - 42179. Calculate f(-160).
381
Let p(a) = 84147*a + 504850. Give p(-6).
-32
Let u(m) = -734*m**2 + 19*m - 6. Determine u(1).
-721
Let p(t) = 7*t**3 - 2*t**2 + 27*t + 101. Calculate p(-3).
-187
Let g(v) = -v**2 - 32485*v - 1070909. Calculate g(-33).
7
Let r(k) = -15*k**2 - 433*k - 5416. What is r(-12)?
-2380
Let w(s) = 50*s**2 + 6009*s + 34. Calculate w(-120).
-1046
Let d(t) = 3046*t - 21451. Determine d(7).
-129
Let p(o) = 1652*o - 832618. Determine p(504).
-10
Let n(h) = -h**2 - 4118*h - 45196. Determine n(-11).
-19
Let r(s) = -s**3 + 1496*s**2 - 4044*s - 649441. Determine r(1493).
14
Let m(r) = 1070*r - 6493. Give m(6).
-73
Let z(o) = -8149*o - 15374. Determine z(-2).
924
Let p(x) = 142*x**2 + 1698*x - 1. Give p(-13).
1923
Let r(l) = -l**3 + l**2 - 1175*l + 768. What is r(0)?
768
Let l(t) = 819*t + 46014. Give l(-57).
-669
Let l(o) = 64*o**3 + 34*o**2 - 56*o - 5. Calculate l(2).
531
Let w(r) = -3*r**2 + 1220666*r - 2441329. Calculate w(2).
-9
Let q(d) = -14*d**2 + 170*d + 2333. Determine q(-11).
-1231
Let c(l) = 2856*l + 2339010. Calculate c(-819).
-54
Let g(o) = -112*o - 7364. Give g(-66).
28
Let q(g) = -4*g**2 + 1926*g + 1034918. Determine q(-322).
10
Let x(l) = l**3 + 196*l**2 - 3067*l + 20640. What is x(-211)?
-38
Let q(b) = 97*b**2 + 20*b - 793. What is q(-3)?
20
Let x(c) = 4*c**2 - 29*c + 144. Determine x(8).
168
Let s(k) = 4*k**3 + 83*k**2 - 88*k - 1437. Give s(-21).
-30
Let v(s) = s**3 - 10*s**2 - 303*s + 34. Determine v(23).
-58
Let o(y) = 59221*y - 947423. Calculate o(16).
113
Let u(r) = -300241*r + 39331574. What is u(131)?
3
Let u(w) = -99*w**2 + 1509*w + 14712. What is u(22)?
-6
Let y(h) = -h**3 - 14*h**2 + 2739*h + 30500. Calculate y(-11).
8
Let i(j) = j**3 + 73*j**2 + 762*j - 1162. Determine i(-60).
-82
Let u(h) = -1351*h - 24309. Calculate u(-18).
9
Let j(s) = 37*s**2 - 11889*s + 15683. Determine j(320).
3
Let k(d) = -10*d**2 - 2*d - 9. Give k(1).
-21
Let b(p) = -10*p**2 + 466*p + 1210. What is b(49)?
34
Let b(p) = p**3 - 153*p**2 - 280*p - 4611. What is b(155)?
39
Let w(f) = 3*f**2 + 126*f - 60. What is w(-47)?
645
Let a(z) = -138*z**2 - 857*z - 161. Give a(-4).
1059
Let y(p) = p**3 - 2224*p**2 - 63053*p + 54. Give y(-28).
-30
Let v(o) = -o**3 - 212*o**2 + 2930*o - 1078. What is v(-225)?
-2203
Let f(y) = -1664*y + 13301. Calculate f(8).
-11
Let w(q) = -24*q - 2078. Determine w(-53).
-806
Let f(v) = 7215*v + 606078. Calculate f(-84).
18
Let v(a) = 4*a**3 + 73*a**2 + 57*a - 488. Calculate v(-17).
-12
Let v(q) = -1182*q - 69761. What is v(-59)?
-23
Let y(n) = n**3 - 631*n**2 + 4271*n + 60503. Give y(624).
-25
Let r(x) = -10468*x + 31444. Determine r(3).
40
Let z(x) = -293*x - 8613. Calculate z(-29).
-116
Let k(u) = -u**3 + 109*u**2 - 219*u - 1663. Determine k(107).
-2198
Let a(q) = 3*q**3 + 23*q**2 - 7*q - 61. Calculate a(-10).
-691
Let j(l) = l**3 - 692*l**2 + 2375*l - 944. Give j(3).
-20
Let o(r) = 4071*r + 48861. Determine o(-12).
9
Let d(u) = -u**2 - 2488*u - 185688. Calculate d(-77).
-41
Let y(r) = -2*r**3 + 70*r**2 - 469*r + 127. Determine y(17).
2558
Let y(f) = -54*f**2 + 5*f + 6592. Determine y(-11).
3
Let k(j) = 2502*j - 372794. Determine k(149).
4
Let l(f) = 39*f**2 - 1945*f - 2249. What is l(51)?
-5
Let p(c) = 170*c - 8206. Calculate p(49).
124
Let f(z) = -3174*z**3 + 41265*z**2 - 40*z - 11. Calculate f(13).
-24
Let l(k) = 4*k**2 - 668*k - 4606. Calculate l(-7).
266
Let l(i) = -4*i**2 - 9681*i + 373664. What is l(38)?
10
Let u(q) = 852*q**2 + 80935*q - 418. Give u(-95).
57
Let s(o) = -o**3 + 17*o**2 + 46*o - 12. Determine s(17).
770
Let d(x) = -18*x**2 - 122*x - 54. What is d(-10)?
-634
Let v(g) = 14278*g + 2141710. Determine v(-150).
10
Let o(j) = -j**3 - 63*j**2 - 140*j - 581. What is o(-61)?
517
Let y(j) = 3*j**3 + 257*j**2 - 87*j + 280. Calculate y(-86).
366
Let a(g) = g**3 + 15*g**2 + 2108*g + 16408. What is a(-8)?
-8
Let w(u) = 713*u + 13715. What is w(-19)?
168
Let g(q) = -q**3 + 126*q**2 - 946*q + 474. What is g(118)?
238
Let y(b) = 786*b + 6318. Calculate y(-7).
816
Let c(b) = -316*b - 22083. Determine c(-86).
5093
Let b(v) = -572976*v - 1145949. Calculate b(-2).
3
Let m(z) = 10956*z - 87651. Determine m(8).
-3
Let j(n) = -n**2 - 1270*n + 89334. Calculate j(68).
-1650
Let q(n) = -10*n**2 + 14809*n - 29616. What is q(2)?
-38
Let p(c) = c**2 - 10447*c + 93917. Determine p(9).
-25
Let g(u) = 12*u**3 + 678*u**2 + 336*u + 4. Determine g(-56).
4
Let b(z) = -139*z - 7110. Give b(-57).
813
Let z(b) = 1074*b**2 - 102034*b + 386. What is z(95)?
6
Let s(f) = -45573*f + 319024. Determine s(7).
13
Let f(u) = -8957*u - 62574. Determine f(-7).
125
Let b(w) = 151*w**2 + 8746*w - 692. What is b(-58)?
